0. Calculate d(-3).
593
Let p(z) = 23*z + 70. Calculate p(-6).
-68
Let d(c) = -6*c**2 + 9*c + 9. What is d(-1)?
-6
Let y(g) = 2*g**3 + 90*g**2 - 100*g - 365. Give y(-46).
3
Let m(v) = -3*v**3 + 139*v**2 + 100*v - 277. Determine m(47).
5
Let k(d) = -209*d - 2201. What is k(-9)?
-320
Let i(v) = v**3 - 30*v**2 + v - 26. Determine i(30).
4
Let x(g) = -17*g - 452. Calculate x(-14).
-214
Let w(h) = h**3 - 70*h**2 + 135*h + 51. Determine w(68).
-17
Let z(x) = x**3 - 252*x**2 + 254*x - 754. Give z(251).
-1
Let a(g) = -3*g**2 + 93*g - 774. What is a(10)?
-144
Let f(z) = -z**3 - 8*z**2 + 22*z - 17. What is f(-10)?
-37
Let j(x) = 833*x + 14168. Determine j(-17).
7
Let f(j) = -j**3 + 31*j**2 - 28*j - 58. What is f(30)?
2
Let f(m) = -m**3 + m**2 - 2*m + 18. Give f(0).
18
Let j(v) = -10*v**3 + 45*v**2 - 28*v + 71. Calculate j(5).
-194
Let s(w) = -w**3 + 15*w**2 + 57*w - 33. Calculate s(18).
21
Let z(w) = 65*w + 6. Determine z(0).
6
Let l(s) = s**3 - 42*s**2 - 41*s - 151. Determine l(43).
-65
Let l(i) = 27*i**3 - 247*i**2 + 244*i + 3. Calculate l(1).
27
Let q(a) = -a**3 + 18*a**2 - 80*a + 12. Give q(7).
-9
Let q(f) = f**3 - 49*f**2 + 519*f - 9. Give q(34).
297
Let x(t) = -39*t - 1926. Calculate x(-51).
63
Let p(v) = 140*v**2 - 1653*v + 3. Determine p(12).
327
Let v(i) = -1632*i + 3260. Give v(2).
-4
Let n(w) = -35*w + 1510. Give n(43).
5
Let l(r) = 2*r**2 - 7*r - 12. Determine l(5).
3
Let u(k) = -k**2 + k + 1418. Calculate u(38).
12
Let p(u) = -u**3 + 11*u**2 - 5*u + 8. What is p(6)?
158
Let m(w) = -3*w**3 + 85*w**2 - 46*w + 246. What is m(28)?
-258
Let m(l) = 35*l - 573. Calculate m(16).
-13
Let u(n) = -2*n**2 + 35*n + 364. Calculate u(-8).
-44
Let n(z) = 17*z - 692. Calculate n(27).
-233
Let m(d) = d**2 + 566*d + 34304. Calculate m(-69).
11
Let w(b) = -7744*b + 54211. Determine w(7).
3
Let z(m) = 112*m - 2587. Give z(23).
-11
Let l(b) = -b**2 + 39*b - 32. Determine l(19).
348
Let n(a) = -175*a - 9068. Calculate n(-52).
32
Let m(a) = -2*a**2 - 377*a + 17211. What is m(38)?
-3
Let o(k) = k**3 - 4*k**2 - 3*k - 4. Calculate o(4).
-16
Let t(o) = 6*o**3 - 337*o**2 + 55*o + 29. Determine t(56).
-27
Let u(t) = 7*t + 33. Determine u(-8).
-23
Let q(k) = k**3 - 26*k**2 + 27*k - 87. Calculate q(25).
-37
Let a(t) = 8*t**2 + 24*t + 7. Give a(-7).
231
Let b(l) = 24*l + 110. Calculate b(-8).
-82
Let k(s) = 230*s - 7594. What is k(33)?
-4
Let m(r) = r**3 - 9*r**2 + 14*r - 40. Determine m(7).
-40
Let a(k) = k**3 + 26*k**2 - 59*k - 1308. Give a(-26).
226
Let h(z) = -141*z + 345. Determine h(3).
-78
Let k(r) = 31*r**2 + 404*r + 6. Determine k(-13).
-7
Let o(x) = -2*x**2 - 139*x - 454. Determine o(-66).
8
Let k(z) = 13728*z - 82326. Calculate k(6).
42
Let t(l) = 5*l**2 + 68*l + 31. What is t(-13)?
-8
Let p(y) = 45*y**2 - 6301*y + 102. What is p(140)?
-38
Let r(q) = -2*q**2 - 5370*q + 16128. Give r(3).
0
Let k(c) = -c**3 - 39*c**2 - 3*c - 215. Give k(-39).
-98
Let c(n) = -n**2 - 879*n - 31145. Determine c(-37).
9
Let u(b) = b**3 - 5*b**2 - 6. What is u(8)?
186
Let c(n) = 5*n**2 - 66*n + 20. Determine c(12).
-52
Let y(b) = 3*b**3 + 27*b**2 - 36*b - 83. Determine y(-10).
-23
Let h(w) = -3*w**2 + 44*w - 310. What is h(13)?
-245
Let s(d) = -d**2 - 3*d - 36. What is s(9)?
-144
Let k(h) = -4064*h - 16253. Calculate k(-4).
3
Let m(k) = 10*k**2 - 575*k - 576. Give m(-1).
9
Let u(w) = -2*w + 105. Give u(7).
91
Let p(v) = v**3 + 23*v**2 - 177*v - 80. What is p(-29)?
7
Let l(s) = -s**2 - 8*s - 74. Calculate l(-5).
-59
Let s(v) = v**3 - 13*v**2 + 33*v - 381. Give s(13).
48
Let r(i) = i**3 + 21*i**2 + 98*i - 53. Determine r(-8).
-5
Let d(l) = -l**2 + 23*l + 343. Determine d(33).
13
Let l(j) = 4*j**2 + 305*j - 105. Give l(-77).
126
Let r(t) = -t**2 + 20*t - 7. What is r(19)?
12
Let o(t) = 404*t - 412. Calculate o(1).
-8
Let s(h) = h**3 + 5*h - 12. Calculate s(-5).
-162
Let k(d) = d**2 + 64*d - 33. Give k(-64).
-33
Let j(s) = -89*s - 523. What is j(-6)?
11
Let h(f) = 5*f**3 + 2*f**2 + 35*f + 69. What is h(-2)?
-33
Let z(o) = -2*o**3 + 95*o**2 - 1050*o - 8. Determine z(30).
-8
Let p(a) = 53*a - 670. Give p(17).
231
Let i(q) = q**3 + 18*q**2 - 2*q - 38. Give i(-18).
-2
Let q(r) = -218*r - 17827. Calculate q(-82).
49
Let d(p) = 1754*p + 59636. Determine d(-34).
0
Let m(w) = -w**3 + 12*w**2 + 104*w + 18. What is m(18)?
-54
Let w(m) = -2*m**3 + 33*m**2 - 66*m - 52. What is w(14)?
4
Let y(b) = 3*b - 7. Calculate y(7).
14
Let u(y) = -2*y**2 + 696*y + 7905. Calculate u(359).
7
Let o(d) = -12*d**2 + 119*d - 99. Give o(7).
146
Let h(k) = 15*k**2 + 78*k - 721. Calculate h(9).
1196
Let f(b) = 69*b + 227. Determine f(-17).
-946
Let z(k) = -2*k**3 + 23*k**2 + 29*k - 42. Give z(12).
162
Let h(y) = 2*y**3 + 48*y**2 + 89*y + 9. Give h(-22).
-13
Let r(f) = -f**2 - f - 61. Give r(-15).
-271
Let c(w) = -3*w**2 - 86*w - 343. Calculate c(-34).
-887
Let i(q) = 3*q**2 - 86*q + 355. What is i(23)?
-36
Let g(f) = f**3 - 18*f**2 + 3*f + 195. Determine g(17).
-43
Let f(d) = -1706*d + 23880. Calculate f(14).
-4
Let f(t) = 2*t**2 - 455*t + 1394. Determine f(3).
47
Let h(j) = -j**3 - 7*j**2 + 24*j + 773. What is h(8)?
5
Let q(r) = -2*r**3 - 14*r**2 + 8*r + 16. Calculate q(5).
-544
Let q(r) = -3*r**3 - 4*r**2 + 4*r - 27. Calculate q(-3).
6
Let u(w) = 4*w**2 + 982*w + 26227. What is u(-215)?
-3
Let i(x) = -19*x + 598. What is i(34)?
-48
Let l(m) = 2*m**2 - 174*m - 3. Give l(3).
-507
Let w(g) = g**2 - 46*g + 284. What is w(24)?
-244
Let l(m) = m**2 + 11952*m - 59773. Determine l(5).
12
Let b(h) = -h**2 - 59*h - 210. What is b(-56)?
-42
Let m(o) = 2*o**2 - 3*o - 274. Give m(15).
131
Let a(o) = 32*o**2 + 221*o + 301. Determine a(-5).
-4
Let x(g) = -75*g + 137. Determine x(3).
-88
Let h(g) = 2*g**2 + 190*g + 3906. Give h(-66).
78
Let b(x) = 3*x**2 - 105*x + 96. Determine b(33).
-102
Let r(x) = -x**3 + 81*x**2 + 13*x - 13523. Give r(79).
-14
Let h(o) = o**3 + 33*o**2 + 256*o + 9860. Give h(-34).
0
Let j(x) = -6*x + 29. What is j(40)?
-211
Let k(g) = 2*g**3 + 48*g**2 - g - 59. What is k(-24)?
-35
Let y(p) = 11*p**2 - 304*p + 195. What is y(27)?
6
Let p(r) = 7*r**2 + 31*r - 19. What is p(-5)?
1
Let d(z) = -4*z**2 + 114*z + 4. Give d(28).
60
Let j(p) = -5*p**3 + 6*p**2 - 10*p + 7. What is j(2)?
-29
Let r(t) = -3*t**2 - 4331*t - 4332. Give r(-1).
-4
Let l(c) = c**3 + 14*c**2 + 32*c + 29. Give l(-12).
-67
Let n(o) = -825*o + 2496. Determine n(3).
21
Let q(s) = -s**3 - 17*s**2 - 1437*s - 19536. Determine q(-14).
-6
Let v(u) = -65*u + 1191. Calculate v(17).
86
Let h(l) = 38*l**2 - 3499*l + 282. Determine h(92).
6
Let o(h) = 49*h + 285. Give o(-6).
-9
Let t(o) = 2*o**2 + 122*o + 357. Give t(-3).
9
Let d(k) = -13*k**2 + 2332*k - 3207. What is d(178)?
-3
Let a(i) = -i**3 - 7*i**2 - 3*i + 20. Determine a(-3).
-7
Let c(h) = -h**3 - 31*h**2 - 15*h + 1193. Calculate c(-29).
-54
Let n(p) = 2*p + 174. What is n(-79)?
16
Let o(u) = -u**3 + 44*u**2 + 91*u + 13. Give o(46).
-33
Let p(v) = 21*v**2 - 316*v + 10. Calculate p(15).
-5
Let d(x) = -2*x**3 - 9*x**2 + 15*x + 34. Calculate d(-7).
174
Let i(j) = -3*j**3 + 48*j**2 - 26*j - 2. Give i(15).
283
Let y(t) = 8*t - 920. Calculate y(116).
8
Let y(b) = 56*b + 1188. Give y(-23).
-100
Let a(h) = -15*h - 1010. Give a(-66).
-20
Let x(k) = 90*k - 189. What is x(2)?
-9
Let p(i) = -250*i + 1292. Determine p(6).
-208
Let y(o) = -5*o - 584. Give y(12).
-644
Let h(t) = -4*t**3 + 5*t**2 + 22*t + 16. Give h(-3).
103
Let a(u) = -4*u - 34. What is a(-39)?
122
Let j(q) = -q**2 - 178*q - 1043. What is j(-6)?
-11
Let h(r) = 7*r**2 + 336*r + 7. Calculate h(-48).
7
Let d(v) = -97*v - 7291. What is d(-75)?
-16
Let w(r) = 21*r**3 - 2*r**2 + 14*r - 12. What is w(1)?
21
Let k(r) = -r**2 + 14*r - 52. Give k(5).
-7
Let v(p) = -102*p - 3884. Calculate v(-38).
-8
Let j(x) = -3*x**2 - 45*x - 114. Give j(-3).
-6
Let k(v) = -114*v**3 + 6*v**2 + 6*v - 25. Calculate k(2).
-901
Let f(l) = 3*l**2 + 102*l + 81. Determine f(-33).
-18
Let j(d) = 148*d - 1010. Give j(6).
-122
Let s(v) = v**3 + 21*v**2 + 55*v + 617. Calculate s(-20).
-83
Let x(u) = -4*u**2 - 31*u - 26. Determine x(-7).
-5
Let d(g) = -g**3 + 71*g**2 - 278*g + 393. What is d(67)?
-277
Let q(s) = -31*s**2 - 351*s - 97. Give q(-11).
13
Let o(u) = -2*u**3 + 17*u**2 - 27*u - 3. Calculate o(6).
15
Let m(q) = 26*q + 430. Calculate m(-10).
170
Let i(k) = k**2 + 120*k + 2710. Wh